- 5. Let u be n(-9). Suppose -u*o - 63 = -23*o. What is the highest common divisor of 7 and o?
7
Let r = -969 + 980. What is the greatest common factor of 473 and r?
11
Let z(y) = -y**2 + 15*y - 7. Let q be z(8). What is the greatest common divisor of 161 and q?
7
Suppose -24*o = -19*o - 30. Calculate the greatest common factor of o and 54.
6
Let v = 2 + -2. Suppose -5*s + 300 = -v. Calculate the greatest common factor of 24 and s.
12
Let t(b) = -b**3 - b + 1. Let p(d) = 3*d**3 + 9*d**2 + 11*d - 31. Let y(a) = -p(a) - 4*t(a). Let g be y(10). Calculate the highest common factor of g and 19.
19
Let j(q) = q**2 - 13*q + 9. Let n be j(5). Let y = 42 + n. What is the highest common divisor of 55 and y?
11
Suppose 159 + 393 = -8*q. Let d be 23/q - 38/(-6). Calculate the greatest common divisor of 12 and d.
6
Suppose 21 = 3*w + 6. Suppose -3*g = -w*g + 80. Let z be 4/(-28) - (-57)/7. Calculate the highest common factor of z and g.
8
Suppose 23*t - 60 = 124. What is the greatest common divisor of t and 32?
8
Suppose 0 = -2*k - 5*n + 2*n - 1, n - 2 = -k. Let i(y) = 3*y**2 + 8*y - 14. Let v be i(k). What is the highest common divisor of 21 and v?
21
Let h = -1155 + 1991. What is the highest common divisor of h and 76?
76
Let q be ((-96)/(-15))/((-7)/(140/(-8))). Let b be (-2)/4 - (-951)/6. Let u = -94 + b. What is the greatest common divisor of u and q?
16
Suppose m - 49 = -15. What is the highest common factor of 34 and m?
34
Let m(i) = -i**2 + 17*i - 10. Let v be m(7). Let z = 148 - v. What is the greatest common factor of z and 8?
8
Suppose 0 = -2*v, -11 - 70 = -a - 5*v. Let r(j) = -j**3 + 8*j**2 - 5*j - 5. Let f be r(7). Calculate the greatest common factor of f and a.
9
Let g = 490 - 235. Suppose 24*o + g = 27*o. Calculate the highest common divisor of o and 34.
17
Let u be ((-132)/154)/((-3)/56). Let t be 36/(-5)*10/(-3). Calculate the greatest common factor of u and t.
8
Suppose i - 17 = -1. Suppose -4*j - 3*v - v = -572, 4*v + 292 = 2*j. Calculate the greatest common factor of i and j.
16
Let y(m) = 11*m + 126. Let q be y(10). Calculate the highest common factor of 6 and q.
2
Let i(x) = 3*x**3 - 4*x**2 - 4*x - 4. Let b be i(4). Let f = -8461 - -8485. What is the greatest common factor of b and f?
12
Let a(x) = 2*x + 3. Let i be a(-6). Let f = 15 + i. Suppose -15*b = -12*b - 27. Calculate the greatest common divisor of f and b.
3
Suppose 3*d = -0*d + 12. Suppose -4*k - 2*y = -22, -65*k + 60*k = -3*y. What is the greatest common divisor of k and d?
1
Suppose 4*b - 1164 = -2*x, -4*b + b = 3*x - 1737. Calculate the highest common factor of x and 256.
64
Suppose -13*j + 15 = -10*j. Let k = 22 - j. Let f(o) = -2*o**3 - 5*o**2 - 2*o + 2. Let b be f(-3). What is the greatest common factor of k and b?
17
Let g = 632 - 630. Let x(a) = 4*a - 2. Let f be x(3). Calculate the highest common factor of f and g.
2
Let r = 2063 + -1843. What is the greatest common factor of r and 770?
110
Suppose 5*m = 4 + 1. Let h be -2 + 3 + 5/m. Let u be h + 1 + 1 + -1. What is the greatest common factor of 35 and u?
7
Suppose 2*t + t + 4*z - 16 = 0, 14 = t - 3*z. Suppose v - 77 = -p, 4*v = 3*p + 69 + 204. Calculate the highest common divisor of v and t.
8
Let f(y) = -y**2 - y + 4. Let t be f(4). Let b = t - -21. Calculate the greatest common divisor of 1 and b.
1
Let c = -37 + 56. Calculate the highest common factor of 2 and c.
1
Let h(u) = -1 + 28*u**3 + 3*u - 4*u + 4*u**2 - 5*u**2. Let b be h(-1). Let k = -9 - b. What is the highest common divisor of 5 and k?
5
Let j(r) = 45*r - 1. Let m be j(2). Let i = m - 83. Calculate the greatest common factor of i and 10.
2
Let y(o) = o**3 + 7*o**2 + 4*o + 6. Let z be y(-6). Suppose -3*w - 22 = -3*h - h, 4*h - z = w. What is the greatest common factor of h and 1?
1
Suppose 0 = a - 6*a + 55. Suppose -14*g + a*g + 6 = 0. Suppose 4*b + g*v - 54 = 0, b = -2*v - 2*v + 10. What is the highest common factor of b and 7?
7
Let y(g) = 2*g**2 + 18*g + 8. Let b be y(-9). Let l(n) = -3*n + 16. Let r be l(0). What is the greatest common divisor of r and b?
8
Let t(k) = 56*k + 2. Let l = 9 - 6. Suppose l*j - 4 - 5 = 0. Let f be t(j). What is the greatest common factor of f and 17?
17
Let y be 2/(-3)*13*(-4 + -2). Calculate the highest common factor of y and 234.
26
Let f be 44*(15/6 - 2). Let i(d) = 36*d - 20. Let k be i(3). Calculate the highest common factor of f and k.
22
Let a = -9 + 7. Let r(v) = -2*v + 4. Let k be r(a). Calculate the greatest common factor of 80 and k.
8
Suppose -500*u - 570 = -506*u. Calculate the greatest common divisor of u and 5.
5
Suppose -5*y + 5*n = -2675, 3*y - 1054 - 547 = 2*n. Calculate the highest common factor of y and 18.
9
Let t(z) = z**3 - 8*z**2 + 2*z - 13. Let o be t(8). Suppose 6 = -m + o. Let r = 33 - m. Calculate the greatest common divisor of r and 12.
12
Suppose -h = -16 - 15. Suppose 443 - 1838 = -5*r. Calculate the highest common factor of h and r.
31
Suppose 90*b + 9361 = 101*b. What is the highest common divisor of b and 74?
37
Suppose 80*l - 75*l - 25 = 0. Let f be (0/3 + 12)*l. What is the highest common divisor of 40 and f?
20
Let n(t) = 15*t - 22. Let q be n(5). Suppose 19 = 4*s - q. Calculate the highest common divisor of 162 and s.
18
Let c = -217 + 247. What is the greatest common divisor of 170 and c?
10
Suppose -f + 106*j - 100*j + 526 = 0, 0 = -f - 3*j + 562. Calculate the greatest common divisor of f and 75.
25
Let r = 395 - 331. What is the highest common divisor of r and 12?
4
Let i(c) = c - 6. Let z be i(10). Suppose t - z*t = 4*o - 81, 2*o + t - 43 = 0. Suppose -5*j + 99 - o = 0. Calculate the greatest common factor of 120 and j.
15
Suppose -17572 - 1227 = -145*y + 921. Suppose 0 = 2*k + 3*k - 15. Let c be (-3)/2*(-34)/k. What is the greatest common divisor of c and y?
17
Let l be (-18)/(-4) + (-2)/4. Let q be ((-4)/6)/((-1)/(60/8)). Suppose -26 = -5*j + w + l, j - q*w - 6 = 0. Calculate the highest common factor of j and 12.
6
Let s be 2 - -6 - (-18)/(-6). Suppose 2*a = s*w + 26, 0*a + 5*a = -4*w + 32. Suppose -v + 6*v = 320. What is the highest common divisor of a and v?
8
Let i = 0 - -14. Let v(y) = 38*y**2 - 3*y - 4. Let w = 51 - 53. Let b be v(w). What is the greatest common factor of b and i?
14
Suppose m - 4*a - 76 = 17, -5*m = a - 381. What is the greatest common factor of m and 119?
7
Suppose 2*d = 3*d - 8. Let j(u) = -2*u**2 + 17*u + 22. Let o be j(d). Calculate the greatest common divisor of 80 and o.
10
Let b be 4*(14/8 + (-14)/(-56)). Calculate the greatest common divisor of 5 and b.
1
Let o(n) = -n**3 - 10*n**2 - 9*n + 2. Let k be o(-9). Let y(r) = -2 - 6*r + 1 - k. Let i be y(-4). Calculate the greatest common factor of i and 7.
7
Let f(z) = z**3 - 12*z**2 + 9*z + 24. Let w be f(11). Let m be (w/6)/(3*4/36). What is the greatest common factor of 4 and m?
1
Let w be 0 + 1/(-5) + (-1660)/(-50). Calculate the greatest common factor of w and 781.
11
Suppose 8 = 4*a - 384. Suppose 3*d = -47 + a. What is the greatest common divisor of d and 153?
17
Suppose g - 6*g = -125. Let m = 27 - g. What is the highest common divisor of 18 and m?
2
Let j = 3 + -1. Suppose f - 171 = -j*f. Suppose -3*v + f = -6. What is the highest common divisor of 84 and v?
21
Let a be (-8)/(-4) + (8 - 2). Let k = a + -4. Suppose l = 3*g + 33, -5*l - k*g + 174 + 10 = 0. Calculate the greatest common divisor of l and 9.
9
Suppose -2*d + 12 + 44 = 0. Suppose d = 7*q + 7. Suppose q*f = -9, -r + 3*f = 4*r - 24. Calculate the greatest common divisor of r and 21.
3
Suppose -15 = -25*y + 20*y. Let q be (-2)/(y + -4) + 4. Suppose -q*a + 4*a = -8. What is the highest common divisor of 6 and a?
2
Suppose -3*m = 4*d + 11, -m - d - 20 = -6*m. Suppose -4*x + 52 = k - 41, -78 = -m*x + 2*k. Let r = x - 21. What is the greatest common factor of 2 and r?
1
Suppose 21 - 9 = 3*l. Let w be (12/(-7))/(l/(-70)). What is the highest common factor of 15 and w?
15
Suppose 19 = 4*m - q, 5*m = 2*m - 5*q + 20. Suppose -m = -3*p + 5*l - 1, 3*l - 3 = 0. Suppose 69 = p*j - 126. What is the highest common factor of 26 and j?
13
Let v(o) = -19*o + 45. Let t be v(-3). Calculate the highest common factor of t and 6.
6
Let f be 0 + (-8)/((-64)/12)*90. What is the greatest common divisor of 5 and f?
5
Let i be 26/(-7) + 6/(-21) - -40. Le